s divided by 20272?
4
What is the remainder when 38499 is divided by 3846?
39
What is the remainder when 10724965 is divided by 74?
71
What is the remainder when 1558139 is divided by 4994?
11
Calculate the remainder when 719314 is divided by 13.
11
Calculate the remainder when 6049 is divided by 113.
60
Calculate the remainder when 59455 is divided by 38.
23
What is the remainder when 2525 is divided by 190?
55
What is the remainder when 29228 is divided by 2435?
8
What is the remainder when 9481 is divided by 677?
3
Calculate the remainder when 19038 is divided by 442.
32
What is the remainder when 3307 is divided by 215?
82
What is the remainder when 7721 is divided by 3828?
65
What is the remainder when 1835 is divided by 201?
26
Calculate the remainder when 1036 is divided by 181.
131
What is the remainder when 1811 is divided by 212?
115
What is the remainder when 520 is divided by 88?
80
What is the remainder when 1404 is divided by 789?
615
What is the remainder when 1779826 is divided by 343?
342
What is the remainder when 18736 is divided by 330?
256
What is the remainder when 9160 is divided by 204?
184
What is the remainder when 20259 is divided by 28?
15
Calculate the remainder when 13522 is divided by 1682.
66
What is the remainder when 541383 is divided by 37?
36
What is the remainder when 59672 is divided by 161?
102
What is the remainder when 79027 is divided by 15799?
32
Calculate the remainder when 13301 is divided by 1300.
301
Calculate the remainder when 256239 is divided by 80.
79
What is the remainder when 505 is divided by 202?
101
Calculate the remainder when 174628 is divided by 196.
188
What is the remainder when 19683 is divided by 15?
3
What is the remainder when 26596 is divided by 67?
64
Calculate the remainder when 143809 is divided by 35945.
29
Calculate the remainder when 3988 is divided by 176.
116
Calculate the remainder when 77180 is divided by 1119.
1088
What is the remainder when 5253 is divided by 228?
9
What is the remainder when 5095843 is divided by 15?
13
What is the remainder when 1638 is divided by 812?
14
Calculate the remainder when 112049 is divided by 83.
82
What is the remainder when 4557 is divided by 757?
15
What is the remainder when 17451 is divided by 143?
5
Calculate the remainder when 100463 is divided by 463.
455
Calculate the remainder when 2059054 is divided by 362.
360
Calculate the remainder when 12689 is divided by 76.
73
Calculate the remainder when 7863 is divided by 410.
73
What is the remainder when 119825 is divided by 378?
377
What is the remainder when 3707 is divided by 1015?
662
What is the remainder when 75185 is divided by 1175?
1160
What is the remainder when 64813 is divided by 222?
211
What is the remainder when 10417 is divided by 78?
43
Calculate the remainder when 88029 is divided by 112.
109
Calculate the remainder when 26986 is divided by 234.
76
Calculate the remainder when 1169593 is divided by 79.
77
Calculate the remainder when 89061 is divided by 18.
15
What is the remainder when 3100153 is divided by 1829?
1827
What is the remainder when 2514 is divided by 534?
378
Calculate the remainder when 75683 is divided by 2601.
254
What is the remainder when 14985 is divided by 1009?
859
Calculate the remainder when 249 is divided by 5.
4
What is the remainder when 200417 is divided by 1927?
9
Calculate the remainder when 1295 is divided by 427.
14
What is the remainder when 72955 is divided by 4?
3
What is the remainder when 4093 is divided by 3168?
925
Calculate the remainder when 452271 is divided by 368.
367
What is the remainder when 168017 is divided by 15264?
113
What is the remainder when 4635 is divided by 136?
11
What is the remainder when 2246 is divided by 716?
98
Calculate the remainder when 815 is divided by 577.
238
What is the remainder when 1830 is divided by 701?
428
Calculate the remainder when 47775 is divided by 537.
519
What is the remainder when 26889 is divided by 226?
221
Calculate the remainder when 2731 is divided by 1362.
7
What is the remainder when 1790823 is divided by 56?
55
Calculate the remainder when 3859 is divided by 1260.
79
What is the remainder when 44069 is divided by 41?
35
Calculate the remainder when 1636 is divided by 803.
30
Calculate the remainder when 66208 is divided by 566.
552
Calculate the remainder when 26152 is divided by 8424.
880
What is the remainder when 120238 is divided by 60?
58
Calculate the remainder when 523 is divided by 479.
44
Calculate the remainder when 794346 is divided by 264779.
9
Calculate the remainder when 40836 is divided by 9.
3
What is the remainder when 13785 is divided by 24?
9
What is the remainder when 24793 is divided by 253?
252
Calculate the remainder when 66330 is divided by 644.
642
What is the remainder when 21674 is divided by 1078?
114
What is the remainder when 434719 is divided by 461?
457
What is the remainder when 16430446 is divided by 11?
10
Calculate the remainder when 121199 is divided by 8079.
14
Calculate the remainder when 184875 is divided by 95.
5
Calculate the remainder when 4767 is divided by 30.
27
Calculate the remainder when 11173 is divided by 1359.
301
What is the remainder when 49345 is divided by 292?
289
Calculate the remainder when 255803 is divided by 31.
22
What is the remainder when 4850 is divided by 598?
66
Calculate the remainder when 2340 is divided by 397.
355
What is the remainder when 26539 is divided by 26521?
18
What is the remainder when 615799 is divided by 1267?
37
What is the remainder when 4922 is divided by 376?
34
Calculate the remainder when 63248 is divided by 50.
48
What is the remainder when 45537 is divided by 2844?
33
What is the remainder when 1646 is divided by 771?
104
What is the remainder when 5647 is divided by 526?
387
What is the remainder when 9889 is divided by 657?
34
What is the remainder when 350424 is divided by 407?
404
What is the remainder when 1100 is divided by 110?
0
Calculate the remainder when 2941 is divided by 155.
151
Calculate the remainder when 2391 is divided by 40.
31
Calculate the remainder when 480573 is divided by 101.
15
Calculate the remainder when 40553 is divided by 351.
188
Calculate the remainder when 97397 is divided by 45.
17
What is the remainder when 7011 is divided by 583?
15
What is the remainder when 35567 is divided by 468?
467
Calculate the remainder when 84794 is divided by 68.
66
What is the remainder when 3618 is divided by 2133?
1485
Calculate the remainder when 8586 is divided by 114.
36
What is the remainder when 397667 is divided by 266?
263
What is the remainder when 545462 is divided by 31?
17
What is the remainder when 3421 is divided by 381?
373
Calculate the remainder when 11902 is divided by 8.
6
What is the remainder when 2508 is divided by 2457?
51
What is the remainder when 12887 is divided by 4245?
152
What is the remainder when 8050 is divided by 15?
10
What is the remainder when 7070799 is divided by 400?
399
What is the remainder when 31926 is divided by 2128?
6
Calculate the remainder when 106 is divided by 20.
6
What is the remainder when 4534 is divided by 1296?
646
Calculate the remainder when 8590 is divided by 2142.
22
Calculate the remainder when 316289 is divided by 613.
594
Calculate the remainder when 37690 is divided by 3.
1
What is the remainder when 252689 is divided by 5?
4
Calculate the remainder when 195578 is divided by 65.
58
Calculate the remainder when 13171 is divided by 549.
544
What is the remainder when 1041 is divided by 88?
73
Calculate the remainder when 8595 is divided by 716.
3
What is the remainder when 6014 is divided by 796?
442
What is the remainder when 1238 is divided by 83?
76
What is the remainder when 1523 is divided by 244?
59
Calculate the remainder when 3277 is divided by 297.
10
Calculate the remainder when 56757 is divided by 22.
19
What is the remainder when 121586 is divided by 538?
536
Calculate the remainder when 1607 is divided by 245.
137
Calculate the remainder when 37617 is divided by 856.
809
Calculate the remainder when 12520 is divided by 500.
20
What is the remainder when 6551 is divided by 19?
15
What is the remainder when 35652 is divided by 55?
12
What is the remainder when 22673 is divided by 2?
1
Ca